t is 61ac - d27?
5385
In base 13, what is c1 - -2954c?
29640
In base 10, what is 36 - -8884175?
8884211
In base 16, what is -2 - -334fd27?
334fd25
In base 10, what is -42711 - 78?
-42789
In base 14, what is -146821 + -6?
-146827
In base 2, what is 100110101111000110001111 - -1?
100110101111000110010000
In base 7, what is 332 + 245206?
245541
In base 11, what is -15148048 - 16?
-15148063
In base 7, what is 42 - -525510342?
525510414
In base 12, what is 20 + 74540?
74560
In base 11, what is -34 - 4916018?
-4916051
In base 4, what is -10 + -1201220233320?
-1201220233330
In base 2, what is 1010 - 1010001101111011110110?
-1010001101111011101100
In base 10, what is 153338 - 1700?
151638
In base 7, what is -100510 + 60604?
-6603
In base 12, what is 350 - 14576?
-14226
In base 10, what is -1 + 974072?
974071
In base 2, what is -10 - 1000101010000000010110100000?
-1000101010000000010110100010
In base 11, what is -1690 + -153343?
-154a23
In base 12, what is 7b741 - 19?
7b724
In base 12, what is 7 - 17a504?
-17a4b9
In base 9, what is 4616648 - 2?
4616646
In base 7, what is 4 - -125444603?
125444610
In base 5, what is -2 + 311443403?
311443401
In base 11, what is 403a - 532?
3608
In base 2, what is 110 - 1100111100011011011001111?
-1100111100011011011001001
In base 14, what is -195d5a5 + 3a?
-195d569
In base 4, what is -131013200221010 - 3?
-131013200221013
In base 6, what is -2444153 + -25?
-2444222
In base 8, what is 10133111 - 5?
10133104
In base 11, what is 1a7 - 13954?
-13758
In base 6, what is -5 - 25154324?
-25154333
In base 14, what is 8732a97 + 3?
8732a9a
In base 16, what is 322c9 - -26?
322ef
In base 2, what is 10 - -1110011100100100100110010101?
1110011100100100100110010111
In base 5, what is -31204433443 + -4?
-31204434002
In base 6, what is 141110 - -141?
141251
In base 12, what is -17747 - 41?
-17788
In base 9, what is -87 - 357612?
-357710
In base 7, what is 5 + 36440555?
36440563
In base 2, what is 110010100111101010110111 - 10?
110010100111101010110101
In base 13, what is -32740 - 21?
-32761
In base 13, what is -3 + 1a12271?
1a1226b
In base 3, what is 2020120110101210011 - 10?
2020120110101210001
In base 12, what is 83 + 91bab?
92072
In base 6, what is -20511 - -14323?
-2144
In base 6, what is -2444 - -334535?
332051
In base 15, what is 4 + -1b1ad?
-1b1a9
In base 5, what is 2032214 + -2420?
2024244
In base 11, what is -286 + 55448?
55172
In base 6, what is -3 + -420300544?
-420300551
In base 15, what is a + d3b893?
d3b89d
In base 7, what is 2326 - -246365?
252024
In base 14, what is 6517c - 22d?
64d4d
In base 12, what is 5 - 4408345?
-4408340
In base 14, what is -30140d - -7?
-301406
In base 10, what is 633491 + 4?
633495
In base 7, what is 3356 + 501133?
504522
In base 13, what is -74 - -5219a?
52126
In base 12, what is -232642 + -22?
-232664
In base 12, what is 1288263 - 3b?
1288224
In base 15, what is b82 - 137d?
-6eb
In base 13, what is 11147 - -b7a8?
1c922
In base 16, what is -241c9c9 + 4?
-241c9c5
In base 15, what is -15 + e41238?
e41223
In base 11, what is -2a9127 - 197?
-2a9313
In base 15, what is 52c9b + -1c?
52c7e
In base 16, what is -bf48 - -1500?
-aa48
In base 10, what is 51081152 - 3?
51081149
In base 9, what is 1 - -3067016?
3067017
In base 15, what is 69e0a8b - 2?
69e0a89
In base 5, what is 241201 + -2231330?
-1440124
In base 14, what is 9dad + 224?
a1d3
In base 13, what is 15428 - 90bc?
9339
In base 2, what is -10010100110010010101110 - 11?
-10010100110010010110001
In base 6, what is 133035 + 54444?
231523
In base 6, what is -24123 - 552431?
-1020554
In base 13, what is 10 - 15176?
-15166
In base 14, what is 8254a463 + -2?
8254a461
In base 9, what is 4 + -6280436?
-6280432
In base 9, what is 103122 - 8?
103113
In base 16, what is ce7 - -4b0c?
57f3
In base 7, what is -33221423 + -142?
-33221565
In base 7, what is -312 + 215601?
215256
In base 10, what is -3 + -33460110?
-33460113
In base 7, what is 16 - 22043322?
-22043303
In base 3, what is 221 + -1110112022112?
-1110112021121
In base 7, what is 11 - 22323502?
-22323461
In base 14, what is -3538 - -266?
-32b2
In base 13, what is 1180 - 13b6b?
-129bb
In base 4, what is 0 + -21000000110?
-21000000110
In base 13, what is 630594 - -7?
63059b
In base 5, what is 200113410241 + -4?
200113410232
In base 4, what is -10211222320130 - -11?
-10211222320113
In base 13, what is 9a5658 + -4?
9a5654
In base 3, what is -10021 + 1122021212?
1122011121
In base 3, what is -1012120 - 220101210110?
-220110000000
In base 13, what is -16a4b - -37?
-16a14
In base 5, what is -24141 - -320102?
240411
In base 6, what is 4 - -4451305031?
4451305035
In base 9, what is -256 + 52024?
51657
In base 8, what is -13361750 + 4?
-13361744
In base 11, what is 3a9a - 1214?
2886
In base 12, what is 159 + 736bb?
73858
In base 10, what is -1 - -5877574?
5877573
In base 7, what is -11265560444 + 5?
-11265560436
In base 3, what is 12012110 - 1122102112?
-1110020002
In base 16, what is 1a3ee2f - -5?
1a3ee34
In base 8, what is -22044 - 30542?
-52606
In base 3, what is -10101222 + 121111120?
111002121
In base 14, what is -b - -228785a?
228784d
In base 13, what is -273cbca7 + 2?
-273cbca5
In base 3, what is 1002 + 2120120110020?
2120120111022
In base 5, what is 3 - -12411234104?
12411234112
In base 4, what is -103 + 132121222201?
132121222032
In base 2, what is -10110010101100010101101 - -110111?
-10110010101100001110110
In base 13, what is 7a - -17823?
178a0
In base 8, what is -1060 - 274531?
-275611
In base 12, what is -27130 + -2285?
-293b5
In base 14, what is 3 - 25c719?
-25c716
In base 6, what is 13330544 + -2?
13330542
In base 15, what is -1e6 + -2b0c?
-2d03
In base 9, what is 1233 - 184138?
-182805
In base 15, what is 1eda + 14e26?
16e11
In base 3, what is 111011110 + 202101?
111220211
In base 7, what is 204531 + -111?
204420
In base 16, what is -12 + 95c2f?
95c1d
In base 8, what is -10 - 1457210?
-1457220
In base 14, what is 2 - -2858d0?
2858d2
In base 11, what is 6a2692 + 225?
6a2907
In base 10, what is 15104591 - -5?
15104596
In base 16, what is f5b - -752?
16ad
In base 14, what is 274469b1 + 5?
274469b6
In base 8, what is -4 - 26167207?
-26167213
In base 8, what is 2433503 + 100?
2433603
In base 3, what is -2120 + 100210120102?
100210110212
In base 13, what is 4 - 569c185?
-569c181
In base 14, what is -1aa6697 - 3?
-1aa669a
In base 6, what is 1001 + 111024?
112025
In base 3, what is -122200 - -10110201202?
10110002002
In base 14, what is 80 + -5149a?
-5141a
In base 9, what is 25850 + -10221?
15628
In base 9, what is 4370455172 + -5?
4370455166
In base 2, what is -1001111110001101110111 + 1?
-1001111110001101110110
In base 11, what is 2172727 - -7?
2172733
In base 10, what is 40007367 - 0?
40007367
In base 6, what is 100 + -3410000?
-3405500
In base 4, what is 1102111002 + 333?
1102112001
In base 16, what is -1cbbb4 - -5?
-1cbbaf
In base 10, what is 6216 - -1447?
7663
In base 2, what is 1001010101010001110010111 + 0?
1001010101010001110010111
In base 13, what is -16741a3a5 - 4?
-16741a3a9
In base 15, what is 42 - -208be3?
208c35
In base 9, what is 18672 - 1104?
17567
In base 15, what is -c9e36ec - 2?
-c9e36ee
In base 9, what is -1601161 + 12?
-1601148
In base 3, what is 22101202 - 112102011?
-20000102
In base 8, what is 23077775 - -4?
23100001
In base 5, what is 13104203123 + -1?
13104203122
In base 4, what is -211313223032011 - -11?
-211313223032000
In base 4, what is -103012001 - -21002?
-102330333
In base 9, what is -3 - 7744278?
-7744282
In base 16, what is -1e + 70ef6?
70ed8
In base 15, what is -312ea73c + -3?
-312ea740
In base 9, what is 16266 - 2785?
13371
In base 12, what is -670470 + -2?
-670472
In base 15, what is d6bd - -e67?
e635
In base 9, what is -63746 - 4457?
-68314
In base 13, what is -2 + 5259869?
5259867
In base 2, what is -10000111010011011001 - -10010011?
-10000111010001000110
In base 15, what is -21 - -12d959?
12d938
In base 5, what is -11012203214 + -120?
-11012203334
In base 15, what is -88 + -3c1?
-459
In base 3, what is 1102 + 10111111012011?
10111111020120
In base 11, what is 6921 - 555?
6377
In base 3, what is -12021121121012102 + 110?
-12021121121011222
In base 8, what is -1 + 15123303?
15123302
In base 2, what is 10 - -1010101101000101000110110?
1010101101000101000111000
In ba